{"id":2265,"date":"2024-04-14T08:02:14","date_gmt":"2024-04-14T07:02:14","guid":{"rendered":"https:\/\/tech-lp.eu\/test\/?page_id=2265"},"modified":"2024-04-14T08:02:14","modified_gmt":"2024-04-14T07:02:14","slug":"datenschutz-und-cookie-richtlinie","status":"publish","type":"page","link":"https:\/\/tech-lp.eu\/?page_id=2265","title":{"rendered":"Datenschutz- und Cookie-Richtlinie"},"content":{"rendered":"\n<p><strong>Cookie-Richtlinie<\/strong><\/p>\n\n\n\n<p>Diese Cookie-Richtlinie erkl\u00e4rt, was Cookies sind und wie wir sie verwenden, welche Arten von Cookies wir verwenden, welche Informationen wir mit Cookies sammeln und wie diese Informationen verwendet werden.<\/p>\n\n\n\n<p><strong>Deine Zustimmung<\/strong><\/p>\n\n\n\n<p>Indem du unsere Website nutzt, stimmst du der Verwendung von Cookies gem\u00e4\u00df dieser Cookie-Richtlinie zu. Wenn du der Verwendung von Cookies auf unserer Website nicht zustimmst, solltest du sie deaktivieren oder die Nutzung unserer Website in deinem Browser stoppen.<\/p>\n\n\n\n<p><strong>Was sind Cookies<\/strong><\/p>\n\n\n\n<p>Cookies sind kleine Textdateien, die auf deinem Computer gespeichert werden, wenn du Websites besuchst. Die Cookies speichern Informationen, die von der Website verwendet werden k\u00f6nnen, wenn du sie erneut besuchst. Sie dienen dazu, deine Erfahrung auf der Website zu verbessern und das Surfen effizienter zu gestalten.<\/p>\n\n\n\n<p><strong>Wie verwenden wir Cookies<\/strong><\/p>\n\n\n\n<p>Wir verwenden Cookies aus verschiedenen Gr\u00fcnden, die unten aufgef\u00fchrt sind. Leider gibt es in den meisten F\u00e4llen keine branchen\u00fcblichen Optionen zum Deaktivieren von Cookies, ohne die Funktionen und Funktionen, die sie dieser Website hinzuf\u00fcgen, vollst\u00e4ndig zu deaktivieren. Es wird empfohlen, alle Cookies zu belassen, wenn du nicht sicher bist, ob du sie ben\u00f6tigst, falls sie f\u00fcr die Bereitstellung eines von dir genutzten Dienstes erforderlich sind.<\/p>\n\n\n\n<p><strong>Arten von Cookies, die wir verwenden<\/strong><\/p>\n\n\n\n<ul class=\"wp-block-list\">\n<li><strong>Notwendige Cookies:<\/strong> Diese Cookies sind f\u00fcr das reibungslose Funktionieren unserer Website erforderlich. Sie erm\u00f6glichen es uns, die von dir angeforderten Dienste bereitzustellen und k\u00f6nnen nicht deaktiviert werden.<\/li>\n\n\n\n<li><strong>Statistik-Cookies:<\/strong> Diese Cookies erm\u00f6glichen es uns, Besuche und Traffic-Quellen zu z\u00e4hlen, damit wir die Leistung unserer Website messen und verbessern k\u00f6nnen. Sie helfen uns zu verstehen, welche Seiten am beliebtesten und am wenigsten beliebt sind und wie Besucher sich auf der Website bewegen.<\/li>\n\n\n\n<li><strong>Marketing-Cookies:<\/strong> Diese Cookies k\u00f6nnen von unseren Werbepartnern \u00fcber unsere Website gesetzt werden. Sie k\u00f6nnen von diesen Unternehmen verwendet werden, um ein Profil deiner Interessen zu erstellen und dir relevante Anzeigen auf anderen Websites zu zeigen.<\/li>\n<\/ul>\n\n\n\n<p><strong>Deine Rechte in Bezug auf deine Daten<\/strong><\/p>\n\n\n\n<p>Wenn du ein Konto auf dieser Website hast oder Kommentare hinterlassen hast, kannst du einen Export deiner personenbezogenen Daten anfordern, einschlie\u00dflich aller Daten, die du uns zur Verf\u00fcgung gestellt hast. Du kannst auch verlangen, dass wir alle personenbezogenen Daten, die wir \u00fcber dich gespeichert haben, l\u00f6schen. Dies umfasst keine Daten, die wir zu administrativen, rechtlichen oder Sicherheitszwecken aufbewahren m\u00fcssen.<\/p>\n\n\n\n<p><strong>\u00c4nderungen dieser Cookie-Richtlinie<\/strong><\/p>\n\n\n\n<p>Wir behalten uns das Recht vor, diese Cookie-Richtlinie jederzeit zu \u00e4ndern oder zu aktualisieren. Alle \u00c4nderungen treten sofort in Kraft, nachdem sie auf der Website ver\u00f6ffentlicht wurden. Wenn wir wesentliche \u00c4nderungen an dieser Richtlinie vornehmen, werden wir dich hier dar\u00fcber informieren, dass sie aktualisiert wurde.<\/p>\n\n\n\n<p><strong>Kontaktiere uns<\/strong><\/p>\n\n\n\n<p>Wenn du Fragen zu dieser Cookie-Richtlinie hast, kannst du uns per E-Mail kontaktieren.<\/p>\n","protected":false},"excerpt":{"rendered":"<p>Cookie-Richtlinie Diese Cookie-Richtlinie erkl\u00e4rt, was Cookies sind und wie wir sie verwenden, welche Arten von Cookies wir verwenden, welche Informationen wir mit Cookies sammeln und wie diese Informationen verwendet werden. Deine Zustimmung Indem du unsere Website nutzt, stimmst du der Verwendung von Cookies gem\u00e4\u00df dieser Cookie-Richtlinie zu. Wenn du der Verwendung von Cookies auf unserer&#8230;<\/p>\n","protected":false},"author":1,"featured_media":0,"parent":0,"menu_order":0,"comment_status":"closed","ping_status":"closed","template":"","meta":{"_monsterinsights_skip_tracking":false,"_monsterinsights_sitenote_active":false,"_monsterinsights_sitenote_note":"","_monsterinsights_sitenote_category":0,"_kadence_starter_templates_imported_post":false,"_kad_post_transparent":"","_kad_post_title":"","_kad_post_layout":"","_kad_post_sidebar_id":"","_kad_post_content_style":"","_kad_post_vertical_padding":"","_kad_post_feature":"","_kad_post_feature_position":"","_kad_post_header":false,"_kad_post_footer":false,"footnotes":""},"class_list":["post-2265","page","type-page","status-publish","hentry"],"_links":{"self":[{"href":"https:\/\/tech-lp.eu\/index.php?rest_route=\/wp\/v2\/pages\/2265","targetHints":{"allow":["GET"]}}],"collection":[{"href":"https:\/\/tech-lp.eu\/index.php?rest_route=\/wp\/v2\/pages"}],"about":[{"href":"https:\/\/tech-lp.eu\/index.php?rest_route=\/wp\/v2\/types\/page"}],"author":[{"embeddable":true,"href":"https:\/\/tech-lp.eu\/index.php?rest_route=\/wp\/v2\/users\/1"}],"replies":[{"embeddable":true,"href":"https:\/\/tech-lp.eu\/index.php?rest_route=%2Fwp%2Fv2%2Fcomments&post=2265"}],"version-history":[{"count":1,"href":"https:\/\/tech-lp.eu\/index.php?rest_route=\/wp\/v2\/pages\/2265\/revisions"}],"predecessor-version":[{"id":2266,"href":"https:\/\/tech-lp.eu\/index.php?rest_route=\/wp\/v2\/pages\/2265\/revisions\/2266"}],"wp:attachment":[{"href":"https:\/\/tech-lp.eu\/index.php?rest_route=%2Fwp%2Fv2%2Fmedia&parent=2265"}],"curies":[{"name":"wp","href":"https:\/\/api.w.org\/{rel}","templated":true}]}}