{"id":2272,"date":"2024-04-14T08:12:32","date_gmt":"2024-04-14T07:12:32","guid":{"rendered":"https:\/\/tech-lp.eu\/test\/?page_id=2272"},"modified":"2024-04-14T08:35:32","modified_gmt":"2024-04-14T07:35:32","slug":"e5-fernwanderweg","status":"publish","type":"page","link":"https:\/\/tech-lp.eu\/?page_id=2272","title":{"rendered":"Fernwanderweg E5"},"content":{"rendered":"\n<p>Der Europ\u00e4ische Fernwanderweg E5 ist einer der bekanntesten Fernwanderwege in Europa. Er erstreckt sich \u00fcber ca. 3.200 Kilometer von der franz\u00f6sischen Atlantikk\u00fcste in der Bretagne bis zum italienischen Venedig. Dabei durchquert er Frankreich, die Schweiz, Liechtenstein, \u00d6sterreich und Deutschland.<\/p>\n\n\n\n<p>Der E5 ist Teil des Europ\u00e4ischen Fernwanderweg-Netzwerks, das insgesamt \u00fcber 60.000 Kilometer umfasst und zahlreiche L\u00e4nder in Europa verbindet. Der Weg f\u00fchrt durch unterschiedlichste Landschaften, von den franz\u00f6sischen und schweizerischen Alpen \u00fcber das Allg\u00e4u bis hin zu den Dolomiten in Italien.<\/p>\n\n\n\n<p>Der E5 ist bei Wanderern sehr beliebt, sowohl wegen seiner landschaftlichen Sch\u00f6nheit als auch wegen der kulturellen Vielfalt, die man entlang des Weges erleben kann. Er bietet eine gro\u00dfartige M\u00f6glichkeit, Europa zu Fu\u00df zu erkunden und dabei Natur und Kultur intensiv zu erleben.<\/p>\n","protected":false},"excerpt":{"rendered":"<p>Der Europ\u00e4ische Fernwanderweg E5 ist einer der bekanntesten Fernwanderwege in Europa. Er erstreckt sich \u00fcber ca. 3.200 Kilometer von der franz\u00f6sischen Atlantikk\u00fcste in der Bretagne bis zum italienischen Venedig. Dabei durchquert er Frankreich, die Schweiz, Liechtenstein, \u00d6sterreich und Deutschland. Der E5 ist Teil des Europ\u00e4ischen Fernwanderweg-Netzwerks, das insgesamt \u00fcber 60.000 Kilometer umfasst und zahlreiche L\u00e4nder&#8230;<\/p>\n","protected":false},"author":1,"featured_media":0,"parent":0,"menu_order":0,"comment_status":"closed","ping_status":"closed","template":"","meta":{"_monsterinsights_skip_tracking":false,"_monsterinsights_sitenote_active":false,"_monsterinsights_sitenote_note":"","_monsterinsights_sitenote_category":0,"_kadence_starter_templates_imported_post":false,"_kad_post_transparent":"","_kad_post_title":"","_kad_post_layout":"","_kad_post_sidebar_id":"","_kad_post_content_style":"","_kad_post_vertical_padding":"","_kad_post_feature":"","_kad_post_feature_position":"","_kad_post_header":false,"_kad_post_footer":false,"footnotes":""},"class_list":["post-2272","page","type-page","status-publish","hentry"],"_links":{"self":[{"href":"https:\/\/tech-lp.eu\/index.php?rest_route=\/wp\/v2\/pages\/2272","targetHints":{"allow":["GET"]}}],"collection":[{"href":"https:\/\/tech-lp.eu\/index.php?rest_route=\/wp\/v2\/pages"}],"about":[{"href":"https:\/\/tech-lp.eu\/index.php?rest_route=\/wp\/v2\/types\/page"}],"author":[{"embeddable":true,"href":"https:\/\/tech-lp.eu\/index.php?rest_route=\/wp\/v2\/users\/1"}],"replies":[{"embeddable":true,"href":"https:\/\/tech-lp.eu\/index.php?rest_route=%2Fwp%2Fv2%2Fcomments&post=2272"}],"version-history":[{"count":3,"href":"https:\/\/tech-lp.eu\/index.php?rest_route=\/wp\/v2\/pages\/2272\/revisions"}],"predecessor-version":[{"id":2291,"href":"https:\/\/tech-lp.eu\/index.php?rest_route=\/wp\/v2\/pages\/2272\/revisions\/2291"}],"wp:attachment":[{"href":"https:\/\/tech-lp.eu\/index.php?rest_route=%2Fwp%2Fv2%2Fmedia&parent=2272"}],"curies":[{"name":"wp","href":"https:\/\/api.w.org\/{rel}","templated":true}]}}